61 + 659 = -5*o. What are the prime factors of 4*(17/o)/((-1)/15)?
5
Let b = 29811 + 30016. List the prime factors of b.
29, 2063
Let f(b) = -b - 7. Let z be f(-10). Suppose 3 + 207 = 5*k. List the prime factors of ((-36)/(-21))/(z/k).
2, 3
Let p be ((-2)/2 - -2) + 9 + -106. What are the prime factors of ((-3)/4)/(-3) - 91656/p?
5, 191
Let w = -93 - -97. Suppose -65*g = -66*g + w. Suppose 0 = 4*i + 4, 0*i + 1084 = 4*v - g*i. List the prime factors of v.
2, 3, 5
Let t(b) = 391*b + 5875. List the prime factors of t(-8).
41, 67
Suppose -836 = 2*n - 12454. List the prime factors of n.
37, 157
Let i = 45555 - 7817. What are the prime factors of i?
2, 18869
Let b(t) = -4*t**3 - 26*t**2 + 63*t + 34. Let f(j) = -5*j**3 - 24*j**2 + 63*j + 33. Let p(m) = -6*b(m) + 5*f(m). List the prime factors of p(34).
131
What are the prime factors of 1/(((-3)/27)/(22818/(-18)))?
3, 3803
Suppose -847272 = -56*v + 59997 - 194445. List the prime factors of v.
3, 4243
Let u(d) = -2*d + 3. Let p be u(4). Let k(z) be the third derivative of z**6/120 + z**5/12 - z**4/3 - 7*z**3/3 + 337*z**2. What are the prime factors of k(p)?
2, 13
Let c(y) = -y**3 - 10*y**2 - 16*y + 3. Let n(a) = 7*a**3 + 6 - 9*a**3 - 8*a - 21*a**2 - 23*a. Let t(d) = 11*c(d) - 6*n(d). What are the prime factors of t(-15)?
2, 3
List the prime factors of (-4)/18 + (-13)/18*61320/(-3).
2, 11, 61
Let b be 5/(-2)*(-11)/((-715)/(-156)). Suppose -7133 = -b*w - w. What are the prime factors of w?
1019
Suppose -4*w + 15 + 29 = 0. Let j(v) be the second derivative of -v**5/20 + v**4 - 2*v**3/3 - 3*v**2 - 159*v - 2. What are the prime factors of j(w)?
71
Let k(r) = -2*r**3 + 26*r**2 + 32*r - 49. Let i be k(14). Suppose i*y = 2*y + 350. What are the prime factors of y?
2, 5, 7
Suppose 5*j - 25 = -4*p, -18*p + 16*p + 26 = 4*j. Suppose i - j*i = -12440. What are the prime factors of i?
5, 311
Let l(u) = 363*u**2 - 149*u + 719. What are the prime factors of l(5)?
9049
Let o(d) = 331*d**2 + 129*d + 2104. List the prime factors of o(-13).
2, 28183
Let x(w) = -2*w**3 + 38*w**2 + 3*w + 7. Let o be x(19). Suppose -o*p = -61*p - 804. List the prime factors of p.
2, 67
Let n(j) = -6*j**3 + 342*j**2 + 97*j + 40. List the prime factors of n(57).
5569
Let r(l) = l**3 - 7*l**2 - 5*l + 11. Let f be r(8). Suppose -10*k + 435 = -f. What are the prime factors of k?
47
Let u = -25 - -25. Suppose 1 = y - 0, u = -2*g + y - 2091. List the prime factors of (-8)/(-10)*g/(-22).
2, 19
Let n(y) = 1852*y**2 + 12*y + 1. List the prime factors of n(-1).
7, 263
Suppose n + 6*w = w + 4, -n - 4*w + 4 = 0. Suppose 0 = -0*v + v + 3*r + 39, r + n = 0. What are the prime factors of 9/v*(4 - 1)*-16?
2
Let n be 52/14 - 4/(-14). Let s(w) = -18*w + 218. Let c be s(13). What are the prime factors of (3 + (-169)/n)/(4/c)?
157
Let b be (-1)/(10/115)*-146. Suppose -23*w = -460 - b. List the prime factors of w.
3, 31
Let i be (-38)/(2/11 - 360/891). Suppose 0 = 3*a - i - 201. What are the prime factors of a?
2, 31
Let q(j) = 8*j - 26. Let f be q(7). What are the prime factors of ((-20)/f)/(4/(-594))?
3, 11
Let f(v) = v**3 + 13*v**2 + 22*v + 4. Let k be f(-11). Suppose -488 = -4*s + k*a, 5*s + 2*a = -3*a + 580. Suppose 55 = 2*y - s. What are the prime factors of y?
3, 29
Let g be (248/93)/(2/3). Suppose 0 = -5*j + g*r + 2135, -3*j - r = -3*r - 1279. What are the prime factors of j?
3, 47
Let m = -243 - -133. List the prime factors of ((-495)/135)/(m/108 - -1).
2, 3, 11
What are the prime factors of 35338 - ((13 - 13) + 17)?
11, 13, 19
Let i(l) = 134*l**2 - 7*l + 1. Let w(a) = 401*a**2 - 20*a + 3. Let u = 41 + -35. Let n(o) = u*w(o) - 17*i(o). What are the prime factors of n(1)?
2
Let m be 39/65 - (-7828)/(-5). Let t be 3*(m/(-15) + -3). Suppose -4*d = -2*q - t, 0*q + q - 310 = -4*d. What are the prime factors of d?
7, 11
Let h(w) = 6*w + 1. Let n(i) = 220*i - 86. Let j(z) = 2*h(z) + n(z). List the prime factors of j(2).
2, 5, 19
Suppose 0 = 174*r - 177*r + 4*o + 14069, -o = -1. List the prime factors of r.
4691
Suppose 2*c = -5*l - 56, -2*c - 62 = c + 2*l. List the prime factors of (c/7)/((1/49)/(-1)).
2, 3, 7
Let z(g) = 11*g**2 - 275*g + 17798. List the prime factors of z(59).
2, 3, 11, 151
Let j(d) = 2408*d**2 + 4243*d - 4. List the prime factors of j(4).
2, 7, 991
Let n(t) = -2*t**2 + 88*t + 65. Let i be n(44). Suppose -i*s + 1075 = -64*s. List the prime factors of s.
5, 43
Let k be (3 - 5)/(1/(-1)). Suppose 0*s + g - 3 = -k*s, 4*s = -5*g + 15. Suppose 2*x = 3*o + 20, -7*o + 2*o - 10 = s. List the prime factors of x.
7
Suppose 0 = 4*w + 3*c - 24, 5*w - 2*c - 4 = 3. Suppose 4*n = -w*h + 31, 15 = -5*h - 0. Suppose -n*r = -8*r - 184. List the prime factors of r.
2, 23
Let k = 21 + -30. List the prime factors of (42/k)/(417/423 - 1).
7, 47
Suppose -q - 23119 = -2*w - 3999, 28680 = 3*w + 3*q. List the prime factors of w.
2, 5, 239
Let z be ((-1068)/(-8))/(3/8). Suppose 0 = -4*r + z + 1588. What are the prime factors of r?
2, 3
Let p(j) = 63*j**2 - 33*j + 1953. List the prime factors of p(-32).
3, 71, 317
Suppose 5*y - 20 = 2*v, 4*y + 2*v - 16 = -0. Suppose 0 = 4*s - 5*r + 16001, 4*r = -y*s - r - 16031. What are the prime factors of s/(-20) - (-1)/(-5)?
2, 5
Suppose -5*s + w + 47 = 0, -s = -0*s + 3*w - 19. Let f = -1054 - -1051. What are the prime factors of s/1*f/(-1)?
2, 3, 5
Let t(p) = -184*p - 164. What are the prime factors of t(-40)?
2, 7, 257
Let h be 312/(-54) + 3/(-54)*4. What are the prime factors of (h - -1)*-1 - 225/(-1)?
2, 5, 23
Let b be 20/(-20) - 3/(-1). Suppose q + 6 = -4*x + 109, 0 = -5*x - 2*q + 128. Suppose 2*n - 3*n - 89 = -5*k, -x = -2*k - b*n. List the prime factors of k.
17
Let u = 7236 - -1530. What are the prime factors of u?
2, 3, 487
Let a = 756 - -708. Suppose -4*q + a = -x + 57, q - 4*x = 348. What are the prime factors of q?
2, 11
Let d = 7134 + -4018. List the prime factors of d.
2, 19, 41
Let f = 80260 + -45260. List the prime factors of f.
2, 5, 7
Let m be 6/(-4 - (-6)/1). Suppose -m*q + 177 = 3*h, 3*q + 2*h - 234 = -q. Suppose -3*l = -0*l - a - q, -3*l - 3*a = -66. What are the prime factors of l?
2, 5
Let l be (2 - 1) + 1 + (2 - 46). Let o = l - -64. List the prime factors of o.
2, 11
List the prime factors of ((-1926)/24)/((-222)/160136).
107, 541
Let k(v) = -58*v**2 + 11*v - 11. Let p be k(5). Let y = -793 - p. What are the prime factors of y?
613
Suppose -6*b + 96921 - 13686 = -16245. What are the prime factors of b?
2, 5, 829
Let b = 668 - -11188. List the prime factors of b.
2, 3, 13, 19
Let d(j) = 66*j**2 + 73*j + 168. What are the prime factors of d(-18)?
2, 3, 3373
Suppose 4*d = 4*z - 20, 4*d + 6 = 2*d. Suppose -5*a - z*r + 92 = 19, -r = a - 14. What are the prime factors of 924/a + (-4)/(-10)?
2, 31
Suppose 0*g - z = 2*g - 19, 5*z + 45 = 4*g. Let r = -11 - g. List the prime factors of 6/r - (-3346)/49.
2, 17
Let r(i) = -15*i**3 + 4*i**2 - 6*i + 3. Let h be r(1). Let z(c) = 7*c**2 - c + 3. What are the prime factors of z(h)?
3, 463
Let r(u) be the first derivative of -5*u**4/4 + 2*u**3/3 + 7*u**2 + 13*u - 223. What are the prime factors of r(-7)?
2, 3
Suppose 50*j - 48631 - 588369 = 0. What are the prime factors of j?
2, 5, 7, 13
Suppose 122162 = 22*c - 138388 - 80450. What are the prime factors of c?
2, 5, 31
Let o(q) = q**3 - 30*q**2 + 46*q + 38. Let y be o(30). Suppose 0 = -5*m + y + 877. List the prime factors of m.
3, 17
List the prime factors of 3312*((-143)/(-52) + -2).
2, 3, 23
Let u be (-2)/(-3) + ((-112)/(-3))/4. What are the prime factors of 617/(-3 + -6 + u)?
617
Let p(x) = -203*x - 59. Suppose -4*w + 2*m = 7*m + 34, w - 2*m = -2. Let j be p(w). Suppose 2*y - 4*o = 454, -2*o + 4*o - j = -5*y. List the prime factors of y.
3, 7, 11
Let g(w) = 28353 - 50*w**2 + 17*w - 28363 + 7*w**2 + 4*w**3. What are the prime factors of g(11)?
2, 149
Suppose -9*l = -15*l + 7686. Let d = 84 + l. What are the prime factors of d?
3, 5, 7, 13
Let l(j) = -j**3 + 4*j**2 + 17*j - 65. Let d be l(4). Suppose -d*n + 2757 = 135. List the prime factors of n.
2, 19, 23
Let m(b) = 5*b - 25. Let j be m(6). Suppose j*v + 0*l - 1008 = -2*l, -4*v + 820 = 5*l. List the prime factors of v.
2, 5
Suppose -119*o - 46*o + 483780 = 0. List the prime factors of o.
2, 733
Let j = 24999 + -16405. What are the prime factors of j?
2, 4297
Suppose w - 1